k - 3*u, 3*k - u + 26 = 0. Let h(l) = -l**2 - 8*l + 10. Let z be h(k). Determine r(z).
3
Suppose 3*n - 15 = 3*a + 3, -5*n + 27 = -2*a. Let m(z) = 2*z - 11. Let h(r) = 2*r - 10. Let i(c) = -4*h(c) + 3*m(c). Give i(n).
-3
Suppose 4*s + 10 = 5*l + 2*s, 5*l - 5*s + 5 = 0. Suppose -l*j - 1 = -5. Let d = 2 + j. Let i(g) = g**3 - g**2 - 3*g - 2. Give i(d).
7
Let o(r) = r**2 + 6*r + 7. Let a be o(-5). Let z(w) = -6*w**2 + w + 9*w**2 - w**2. Calculate z(a).
10
Let v(b) = -b**3 + 4*b**2 + 6*b - 7. Let i be v(5). Suppose -3*f + 2 + 7 = 5*x, 0 = -4*x. Let h = f + i. Let l(q) = -6*q + 1. Give l(h).
-5
Suppose 4*t - 46 = -2*w, 4 = -3*w - w. Let f(x) = t - 10 - 4*x + 2*x. Let d = 1 + -3. Give f(d).
6
Let j(r) = 2*r + 3. Let u = 6 + -3. Suppose 2*d - 10 = u*n + d, -4*n - 4*d - 8 = 0. Calculate j(n).
-3
Let h(q) = 13*q**2 + q + 1. Let j = 8 + -4. Suppose 4*l = -j*n, -5*n - 2*l = -6*l + 9. Give h(n).
13
Let q(w) = -w**3 - 9*w**2 - 9*w - 8. Suppose 0 = 4*b - t + 29, 2*b = 4*b + 5*t + 31. What is q(b)?
0
Let f(o) = o - 2. Suppose -y = -h + 11, 3*h + h + 5*y = 17. Let x = -6 + h. What is f(x)?
0
Let r(a) = -5 + 4*a**2 + 4 + 0. Determine r(1).
3
Let o(m) = m**3 - 7*m**2 + 7*m - 3. Suppose i - 6*i + 37 = -4*v, -2*i + 2*v + 16 = 0. Suppose 11 = g - 5*c, -g + 10 = c - i*c. Determine o(g).
3
Suppose -4*p = 5*w - 40, 2*w + 2 = p + p. Let v(g) = 3*g**2 - 6 + 4*g - 34*g**3 + 0*g**2 + 33*g**3. Calculate v(w).
-6
Let v = -4 + 12. Let j = -8 + v. Let m(k) = k**2 - k - 2. What is m(j)?
-2
Suppose -8*q + 13*q + 25 = 0. Let l be q + 0 + (-3 - -3). Let s(w) = -w - 2. Calculate s(l).
3
Let a(q) = -8*q - 6. Let g(h) = 9*h + 7. Let t(w) = 6*a(w) + 5*g(w). Determine t(-3).
8
Suppose 2*k = -2*k - u + 65, -4*u = 4*k - 56. Let t(o) = -8 - 6*o + k - 7 - 1. Determine t(-1).
7
Let n(w) = -w - 3*w + 5 + 6 - 13 - 4*w**2. Determine n(-2).
-10
Let u(i) = -17*i + 15 + 9 - 23. Calculate u(-1).
18
Let d = -16 - -19. Let h(f) = 0 + 0 - 2 + 3*f. What is h(d)?
7
Let o(r) be the first derivative of -2 + 8 - r**2 - 6*r - 5. What is o(-5)?
4
Let u(o) = -o**2 - 4*o - 1. Let w(f) = f**3 - 3*f**2 - 2*f + 4. Suppose -5*c - 6 = -16. Suppose 3*p - 7 - c = 0. Let a be w(p). What is u(a)?
3
Let l(z) = -3*z - 1. Suppose -4 = 6*w + 2. Determine l(w).
2
Let p(y) = -y + 4. Suppose 0 = -9*s + 108 - 18. What is p(s)?
-6
Let n(d) = 36*d + 36. Let l(c) = -5*c - 5. Let k(p) = -15*l(p) - 2*n(p). Give k(-3).
-6
Suppose 0 = -n + 3*k - 2, 0*n - n = -5*k + 4. Let p(m) = 6*m**3 + 2*m - 1. Give p(n).
7
Let p(s) = 13*s**2 - 3*s - 9. Let t(v) = -3*v**2 + v + 2. Let q(g) = 2*p(g) + 9*t(g). Calculate q(4).
-4
Let w(x) be the second derivative of -1/2*x**2 - 5/6*x**3 + 0 - 6*x. Calculate w(1).
-6
Let k(n) = 4*n**2 - 2 + 2*n**3 - 3 - 4*n + 3*n**2 - 3*n**3. Calculate k(6).
7
Let d = -9 + 8. Let v(p) = -11*p**3 + 2*p**2 + p. Calculate v(d).
12
Let y(g) = g**2 + 5*g + 6. Let o(q) = q**3 - 5*q**2 + 2. Let i be o(5). Suppose 2*z = m - 4, -i*m + 5*m + 24 = -3*z. Give y(m).
2
Let x = 3 + -5. Let h(g) = -7 - 5*g**2 - 9 + 11*g**2 + 22*g. Let t(r) = 2*r**2 + 7*r - 5. Let f(z) = 5*h(z) - 16*t(z). Calculate f(x).
-4
Let o be (4/3)/((-2)/(-6)). Let g(z) be the third derivative of -z**6/120 + z**5/15 - z**4/12 + z**3 - 2*z**2 - 2. Determine g(o).
-2
Let o(k) = -6*k + 3*k + 11*k - 6*k + 7. What is o(-6)?
-5
Suppose -6*w - 5 = -23. Let g(j) = j**2 - 3*j. What is g(w)?
0
Let b(r) = 4*r. Let d be (3/(-6))/((-2)/4). Calculate b(d).
4
Let f(z) = z**3 - 4*z**2 - 2*z + 5. Let v(d) = -d**3 + 2*d. Let n = -15 + 8. Let i = n + 5. Let o be v(i). Determine f(o).
-3
Let h(z) = -z**2 + 2*z**2 + 0*z**2 + 4 + 6*z. Let n(m) = -m**2 + 7*m + 2. Let p be n(8). Let d be 6*(16/p + 2). What is h(d)?
-4
Let i(t) = t - 1. Let s(k) = 5*k + 15. Let q be s(-3). What is i(q)?
-1
Suppose 4*u - 4 = -2*w - 0, 36 = 3*w - 4*u. Suppose -w = -3*x + 7*x. Let s(l) = -l**2 - 4*l - 3. Determine s(x).
1
Let b(l) be the third derivative of 0*l - 1/2*l**3 - 1/24*l**4 + 0 + 2*l**2. Let r(v) = -5*v**2 + v. Let h be r(1). Give b(h).
1
Let t(r) = -2*r + 3*r - 3*r + r - 4. Calculate t(5).
-9
Suppose 34*m + 10 = 32*m. Let n(l) = -l - 5. What is n(m)?
0
Let f(b) = -b**2 - 2*b + 5. Suppose 5*c - 16 = 9*c. Calculate f(c).
-3
Let n(l) = -l**3 - 8*l**2 + 5*l - 2. Let m(j) = 2*j**3 + 15*j**2 - 10*j + 5. Let g(w) = 3*m(w) + 5*n(w). Give g(-6).
-1
Let v(d) = -d**3 - 2*d**2 - 8*d. Let p(n) = 2*n**3 + 5*n**2 + 15*n. Let r(m) = -3*p(m) - 5*v(m). Calculate r(-4).
4
Let s be (-72)/(-15) - (-4)/20. Let c(k) = 2*k + 3 + 0*k - 5*k**2 + 4*k**2 + 3*k. Give c(s).
3
Let x(o) = -o + 1. Suppose 2*k + 1 - 5 = 0. Suppose -21 = k*n - 9. Calculate x(n).
7
Let o(w) = -2*w**3 - 25*w**2 - 22*w - 25. Let h(s) = -3*s**3 - 38*s**2 - 33*s - 38. Let y(c) = 5*h(c) - 8*o(c). Calculate y(-9).
-8
Let p(j) be the second derivative of j**5/120 + j**4/12 + 2*j**3/3 - 2*j. Let u(m) be the second derivative of p(m). Give u(6).
8
Suppose -c - 3*c = -4. Let y(k) = 4*k**2 + 2*k - 1. Calculate y(c).
5
Let i(k) = -7 + 13 - k**3 + 7*k**2 - 10 - 8*k + 0*k**3. Determine i(6).
-16
Let f(j) = j**2 - 4*j + 6. Let d be 1/((3/(-4))/(-3)). Suppose 2*b + 4 = -d*c, -5*b + 44 = -4*c + 12. Give f(b).
6
Suppose 3*m + 3*l + 0 + 3 = 0, m + 11 = 4*l. Let j be -6 - 6*m/6. Let o(t) = -t**2 - 3*t + 3. Let p be o(j). Let x(y) = 3*y - 3. Calculate x(p).
6
Let w(q) = 5*q**2 + 4*q - 4. Let a(v) = -14*v**2 - 12*v + 12. Let j(c) = -4*a(c) - 11*w(c). Let r(u) = u**3 - 3*u**2 - u - 2. Let n be r(3). Calculate j(n).
1
Let q(i) be the third derivative of i**5/60 - i**3/6 + 7*i**2. Calculate q(2).
3
Suppose 9 = x + m + 2*m, -5*m + 15 = 3*x. Let a(y) be the first derivative of -y**3/3 + y**2/2 + 10*y - 1. Give a(x).
10
Let j(u) = 1. Let x(m) = -2*m**2 - 2*m + 6. Let c(b) = 2*j(b) - x(b). Determine c(-3).
8
Let w = -8 + 11. Suppose 3*o = -3, -3*q + 4*o + w = -13. Let y(r) be the second derivative of -r**3/6 + r**2/2 + 3*r. Give y(q).
-3
Let c(h) = h**2 - 7*h - 1. Let z(y) = 0 + 2*y**3 + 1 - 4*y**3 - 2*y. Let w be z(1). Let q be -1*5*(w + 2). Determine c(q).
-11
Let f be (-1)/3 - (-28)/(-6). Suppose 18 = 2*h - 4*t, -h - 5*t = 3*h + 3. Let m be f/h*(-5 + 2). Let j(k) = k - 3. Give j(m).
2
Let m be (-2)/3 - 6/(-9). Let n(a) = -2*a**2 + 2 - a - 9 + 3*a**2. Let g be n(m). Let b(o) = 2*o + 9. Give b(g).
-5
Let f(z) be the second derivative of 0*z**3 - 1/3*z**4 - 1/2*z**2 + 0 + 3*z. Give f(1).
-5
Let c(d) = -2 + 2*d - 7*d**2 + 0 + d**3 - 5. Let k(r) = -3*r**3 + 22*r**2 - 7*r + 22. Let o(a) = -7*c(a) - 2*k(a). Let p be 4/26 - (-252)/52. Calculate o(p).
5
Let f(i) = -i**3 + 3*i**2 + 3*i - 2. Let n = -39 - -58. Suppose 14*r = n*r - 20. Give f(r).
-6
Let r(c) = c**3 + 6*c**2 - 8*c - 5. Let m be r(-7). Let n(z) = 0*z + z - 2*z**m + 3*z**3 + z**2. Suppose 7*p + 5 = 12*p. Give n(p).
3
Let a = -16 + 38. Let i(m) = 21*m - 11 - 1 - a*m. Suppose 10 = 4*r - 6*r. Determine i(r).
-7
Let c(i) = -2*i + 11. Let t(d) = d - 10. Let g(s) = 6*c(s) + 7*t(s). What is g(-5)?
21
Let c(l) = 50*l + 0 - 7 - 51*l. Suppose -n + 2*n + 4 = 0. Let v(j) = -j**3 - 5*j**2 - 4*j - 5. Let m be v(n). Calculate c(m).
-2
Let l(t) = 3*t**3 + t - 1. Let z(q) = q**2 + 11*q + 9. Let u be z(-10). Let p be (-2)/6*(u - -4). Let b be (2/(-2)*1)/p. Determine l(b).
3
Let f(b) be the third derivative of -5*b**4/24 - b**3/6 - 9*b**2. Calculate f(1).
-6
Let u(i) be the second derivative of -i**3/3 + 5*i**2/2 - 2*i. Suppose -n = -5*a - 10, 2*a = n - 0*n - 7. Determine u(n).
-5
Let a be 20/(-70) - (-32)/14. Let t(d) = -d**2 + 2*d**2 + 6*d**a. What is t(1)?
7
Let n(s) = 3*s - 5. Suppose h + 1 - 5 = 0. Let w be n(h). Let j(r) = -3*r - 2 + 9*r - w*r. Give j(-2).
0
Let b(r) = -7*r + 3*r + 24*r**3 - 2 + 1 - 23*r**3 + 2*r**2. Calculate b(-3).
2
Let u(k) = 6*k**3 - k**2 + 1. Suppose -w - 2 = -9. Suppose -2 = v + m, -3*m = v + v + w. Give u(v).
6
Let s(m) be the third derivative of 9*m**2 + 0*m - 1/3*m**4 + 0 + 0*m**3. What is s(-1)?
8
Let l(f) be the second derivative of -f**3/2 + 7*f**2/2 - 4*f. Let k = -11 + 16. Give l(k).
-8
Let m(l) = -2*l**3 - 2*l**2 + 2. Suppose -9*o = -6*o + 6. Give m(o).
10
Let f(r) = -r + 8. Let a(y) = y + 15. Let u be a(-9). Suppose 0*p = -p + u. Determine f(p).
2
Let g(o) = -o**3 + 6*o**2 + o - 4. Let l = -40 + 46. Calculate g(l).
2
Let j(i) = 5*i**2 - i + 1. Let h be j(1). Suppose 0 = h*x + 27 + 8. Let f = x